h. Let o(q) = q**2 - 2*q - 3. Calculate o(u).
5
Let i(m) = 3*m - 25. Let l be i(9). Suppose -4*b = -l*x + 18, -3*x - 2*b - 5 + 0 = 0. Let y(o) be the third derivative of 13*o**4/24 - o**2. Calculate y(x).
13
Let v(i) = -27*i**3 - 30*i**3 + 2 + 58*i**3 - 5*i**2. Calculate v(5).
2
Let x(f) = f**3 + 7*f**2 - 11*f - 12. Let z be (-3 - 3 - -5)*8. Give x(z).
12
Let p(d) = -22*d + d**2 - 15*d + 43*d. Suppose -z - z - 12 = 0. Calculate p(z).
0
Let p(b) = -b + 2. Let n be p(-6). Let z(c) = -c. Let h(s) = -3*s - 1. Suppose 0 = -t - 0*t - 3. Let r(o) = n*z(o) + t*h(o). Determine r(4).
7
Let w(c) be the second derivative of -c**3/6 - 3*c**2/2 - 35*c - 2. What is w(0)?
-3
Suppose 2*j = -15 + 13. Let o = 11 - 7. Let t(q) = 2*q - 5. Let z(m) = m - 3. Let x(p) = o*t(p) - 7*z(p). Give x(j).
0
Let k be (2/(-3))/(10/195). Let c = 15 + k. Suppose 3*a + 1 = c*a. Let f(t) = 2*t**2 + t + 1. Calculate f(a).
2
Suppose -12 = w - 2*w. Let v = w + -14. Let f(q) = -q**3 - q**2 - 2. Let l be f(v). Let b(r) = -2*r**3 + 3*r**2 - r + 2. What is b(l)?
-4
Let g be (-91)/(-26) - (-24)/(-16). Let m(j) = 4*j**2 - 4. Calculate m(g).
12
Let k(d) = -5*d**3 + 18*d**2 + 14*d - 16. Let w(a) = -12*a**3 + 37*a**2 + 28*a - 34. Let h(s) = -5*k(s) + 2*w(s). Give h(17).
63
Suppose -i + 5 = -x - 0, 3*x - 5 = -i. Let n be 15/5 + x/(-1). Let a(y) = -4*y + 3*y + 4 - 6 + n*y. What is a(-5)?
-12
Let m(i) be the second derivative of -i**3/3 - 2*i**2 + 51*i. Let u(o) = o**2 - 6*o + 3. Let w be u(6). Give m(w).
-10
Suppose 3*s + 12 = s + 4*z, -3*z + 11 = -2*s. Let n(i) = 9*i - 11*i - 6*i - 3 + 5*i. What is n(s)?
9
Suppose -94 + 109 = 5*s. Let g(n) be the second derivative of -1/6*n**3 - n + 7/2*n**2 + 0. Give g(s).
4
Let h = 110 - 74. Let a(o) = 3 - h*o + 68*o + 3*o**2 - 2*o**2 - 35*o. Suppose -j = m - 2, -3*j - j + 9 = 3*m. Determine a(j).
3
Suppose 0 = 96*g - 76*g + 40. Let k(f) = 3*f + 2. What is k(g)?
-4
Let f(b) = -32*b**3 - 6*b**2 + b - 3. Let x(o) = 16*o**3 + 4*o**2 - o + 2. Let n(u) = -3*f(u) - 5*x(u). Give n(1).
15
Let d(k) be the second derivative of k**5/20 - 5*k**4/12 - k**2 - 9*k - 6. Calculate d(5).
-2
Suppose 0*s - s = -3. Let k(a) = 6 + 4*a + 8*a**3 - 4 - 7*a**s - 3*a**2 - 3*a**2. Give k(5).
-3
Let i(l) be the second derivative of 0 + 2/3*l**3 + 7/24*l**4 + 1/30*l**5 - 8*l - l**2. Let k(r) be the first derivative of i(r). Calculate k(-4).
8
Let s(u) = -2*u**2 + 3*u + 2. Suppose 4*i - 2 = -r, -2*r - 14*i + 19*i = 9. Give s(r).
-12
Suppose 4*f + 12 - 1 = -k, -5*k + 17 = -4*f. Suppose 2*g + 5 = k. Let q(i) = -i**3 - 2. Give q(g).
6
Let h(l) be the second derivative of l**4/12 - l**3/3 - 2*l**2 + 8*l. Give h(-4).
20
Let u(g) = g**2 + 22*g + 22. Suppose -110*p + 97*p - 273 = 0. Calculate u(p).
1
Let d(t) = -t**2 - 7*t - 7. Suppose -6 = -h + 3*o - 4*o, o - 2 = 0. Suppose 3*a + 13 = h. Let x be 2*(a + (-4)/(-8)). Give d(x).
3
Let z(a) be the second derivative of a**3/6 + 7*a**2 + 45*a. Let r(c) = -2*c**2 + 3*c + 1. Let b be r(-2). Give z(b).
1
Let v(x) = 2*x - 2. Let d = -8 + 14. Suppose 4*n + 16 = m, 3*n = n - d. Suppose o + m + 9 = 4*l, 0 = 5*o - 15. Calculate v(l).
6
Let h(m) = 2*m - 109. Let k(l) = l - 72. Let r(d) = -2*h(d) + 3*k(d). Let n(t) = -2*t**2 - 10*t + 1. Let i be n(-7). Let z be (-4)/(-3)*i/(-6). Determine r(z).
-4
Let k(m) = 12*m**2 - 84*m - 5. Let f be k(7). Let x(q) = -q**3 - 6*q**2 + 3*q + 7. Calculate x(f).
-33
Let t(c) = 5 - 4 - 2*c**2 - c + c**2. Let i(m) = 3*m**2 + 2*m - 3. Let s(o) = -2*i(o) - 5*t(o). Let d = -231 - -235. Determine s(d).
-11
Let i(m) = -2*m**2 - 104*m + 956. Let x be i(-60). Let q(v) = 4*v**2 + 13*v - 1. Let k(h) = -2*h**2 - 6*h + 1. Let r(s) = 7*k(s) + 3*q(s). Determine r(x).
-16
Let n(r) = 2*r - 9. Let z be n(3). Let k(q) = -q - 1. Calculate k(z).
2
Let f(j) = -6*j. Let t(l) = l**3 - 18*l**2 + 16*l + 16. Let p(a) = -a + 11. Let g be p(-6). Let z be t(g). Calculate f(z).
6
Let m(g) = -2*g - 283 - g**2 - 5*g + 282. Let z = 1 + 5. Let j = -12 + z. Determine m(j).
5
Suppose -50 = 12*g + 10. Let l(s) = 13*s - 5*s**2 - 4 - 7*s - s**3 - 7*s. Give l(g).
1
Let h(j) = 6*j**3 - 2*j + 1. Let q(a) = a**3 + 4*a**2 + 15*a + 13. Let n be q(-1). Give h(n).
5
Let j(w) = -w + 20. Suppose -40 = -2*l + 4*m - 32, -3*m - 6 = 0. What is j(l)?
20
Suppose -2*o + 55 = -151. Let i = 95 - o. Let h(w) = -w - 17. Calculate h(i).
-9
Suppose 5*r + 10 = 5*x, 2*x + 2*r - 20 + 8 = 0. Let z(g) = 9*g - 31. Give z(x).
5
Let g(t) = 5*t + 5. Suppose 14*l - 9*l = -10. Let w be ((-20)/15)/(l/6). Determine g(w).
25
Let i(o) = -o**3 + 2*o + 1. Let b be i(-1). Suppose y + b = 5. Let l(m) = -4 + 4 + 3*m + y + 1. Determine l(-4).
-6
Let r(j) = j**2 - 4*j - 5. Let c(i) = 2*i**2 + 28*i - 58. Let o be c(-16). Calculate r(o).
7
Let v(s) = s**3 + 4*s**2 - 3. Let u = -76 - -72. Determine v(u).
-3
Let m(b) = b**2 + 10*b + 13. Let i be ((-13)/39)/((-10)/(-240)). What is m(i)?
-3
Let m(w) be the third derivative of -w**6/360 - w**5/40 - w**4/24 + 3*w**3/2 + 7*w**2. Let p(q) be the first derivative of m(q). Give p(-4).
-5
Let r(g) be the third derivative of g**5/60 - g**3/6 - 6*g**2. Suppose 3*p + 13 = 5*p - j, -5*p + 30 = -2*j. Suppose -p*y = -y. What is r(y)?
-1
Let d(t) be the first derivative of 0*t + 1/120*t**6 + 1/24*t**4 + 1/6*t**3 - 1/60*t**5 - 2 + 5/2*t**2. Let j(w) be the second derivative of d(w). Give j(0).
1
Let p be (-2 - 1)/(-6)*-2. Let s(f) = -6*f. Let q be s(p). Let c(n) = -n**2 + 7*n - 10. Let i be c(q). Let l(d) = -d**3 - 3*d**2 + 4*d - 1. What is l(i)?
-1
Let m = 14 - 17. Let q(z) be the third derivative of -z**6/180 - z**5/40 + 2*z**3/3 - 11*z**2. Let w(u) be the first derivative of q(u). What is w(m)?
-9
Suppose 0 = 4*u - 131 - 85. Let h = -76 + u. Let o = h + 18. Let r(i) = i**3 + 4*i**2 - 3*i - 6. Calculate r(o).
6
Suppose 3*t + 5*i + 28 + 15 = 0, 0 = 4*t + 3*i + 39. Let d(a) = -a**3 - 7*a**2 - 5*a + 6. Give d(t).
0
Let w(c) = -c**3 + 4*c**2 + 3*c - 10. Let n be w(4). Let h(q) = -44 + 3*q + 42 - 2*q**2 + 2*q**2 + q**n. Give h(-3).
-2
Let u = -3844 - -3843. Let m(n) be the third derivative of n**5/40 - n**4/24 + n**3/6 + 2*n**2. Let g(b) be the first derivative of m(b). What is g(u)?
-4
Let n be 1 + -2*(0 + -1). Suppose -5*z + 20 = -n*z. Let w(k) = 6*k + 3 - 13*k**3 - 4*k**2 + z*k**3 + 2*k**3. What is w(-5)?
-2
Let j = 1305 + -1306. Let w(g) = 13*g - 2. Determine w(j).
-15
Let z(d) = 2*d - 11*d + 10*d. Let f(g) = 2*g + 12. Let y(o) = f(o) - 3*z(o). Give y(9).
3
Let n(o) be the second derivative of o**5/20 + 7*o**4/12 - o**3 + 19*o**2/2 - 124*o. Calculate n(-8).
3
Let w(n) = 6*n**2 - n + 2. Let c be w(1). Let d be (-555)/(-105) + (-2)/c. Suppose 6*o - 1 = d*o. Let t(v) = 7*v**3 + v**2 - v + 1. What is t(o)?
8
Let v be ((-2)/1 + 4)/2. Let i(u) = 9*u - 1. Determine i(v).
8
Let a(k) = k**3 + 4*k**2 + 2*k + 2. Let v(m) = m**3 - 13*m**2 - m + 9. Let j = -72 + 85. Let b be v(j). Determine a(b).
-6
Let d(c) = -2*c - 4. Let f(t) = t**3 + 5*t**2 + 4. Let z be f(-5). Suppose z*y = 59 + 29. Let h = 25 - y. What is d(h)?
-10
Let z(o) = o**2 + 8*o + 9. Let a(y) = y**3 - 3*y**2 - y + 3. Let r be a(4). Suppose 2*q - 2*i + 12 = -q, -i - r = 2*q. Give z(q).
-3
Let h = -189 - -109. Let q = h + 71. Let n(g) = g**2 + 9*g - 4. What is n(q)?
-4
Let a(f) = -f**3 + 2*f**2 - f + 3. Let x be a(0). Let b(u) = u**3 - u**2 - 4*u. Let n be b(x). Let i(t) = -t + 1. Determine i(n).
-5
Let w(k) = -k**3 + 7*k**2 + 8*k + 6. Let l be w(8). Let o(a) = -3*a + 14. Let y be o(l). Let u(r) = -r**3 - 5*r**2 - 4*r - 2. Determine u(y).
-2
Let u(d) = 3*d - 1. Let r(n) = 5*n - 12 + 13*n - 17*n. Let o be r(14). What is u(o)?
5
Let j(s) = 2*s**3 + 2*s. Suppose t = -b - 1 - 4, 0 = 3*t - 2*b - 10. What is j(t)?
0
Let w(p) = -21*p**3 + p**2 + p - 1. Let h be (3*-1)/(42/(-112)). Suppose 3 = -5*a + h. Calculate w(a).
-20
Let l(p) = 3*p - 5. Let t be 216/(-32) - -7 - (-23)/4. What is l(t)?
13
Suppose 8 + 2 = 5*k. Let w = 45 - 29. Suppose 0 = 3*n - k*q - 6 + w, -5*q = n + 9. Let s(g) = -g**3 - 6*g**2 - 4*g + 5. Give s(n).
-11
Suppose 28*z = 33*z + 25. Let p(s) = -s**3 - 5*s**2 - s - 11. What is p(z)?
-6
Let b(m) be the first derivative of -m**5/20 + m**4/4 + 2*m**3/3 - 5*m**2/2 + 9*m - 7. Let x(u) be the first derivative of b(u). Determine x(4).
-5
Suppose 0 = 3*c - 5 - 1. Let a(f) be the second derivative of 1/4*f**4 + f**2 - 1/3*f**